lculate the highest common divisor of a and 146.
73
Suppose 4*l - 19 - 241 = -4*x, 2*l = 2. Let c be (((-5160)/140)/(-43))/(-6*1/(-28)). What is the highest common divisor of x and c?
4
Let c(v) = 7*v**2 + 3*v + 2. Let a be c(-1). Let s(y) = -y**2 + 10 - y - 4*y + 3*y**2 + 2*y. Let w be s(4). Calculate the greatest common divisor of a and w.
6
Suppose -8*d + 6*d - g = -278, 2*d + 2*g = 276. Calculate the greatest common factor of 2590 and d.
70
Let p = 16263 - 16254. Calculate the greatest common divisor of 1788 and p.
3
Suppose 94*l - 209*l = -1610. What is the greatest common divisor of 1918 and l?
14
Let o(t) = 27*t**3 + t**2. Let a be o(1). Let x be (-2)/((-2)/(-13)) + (-226118)/(-1354). What is the greatest common factor of a and x?
14
Let v(s) = 67*s + 1832. Let d be v(-24). Calculate the greatest common factor of d and 252.
28
Let z be (-72)/(-30)*90/4. Let d = z + -52. Suppose d*h - 9 = 1. Calculate the highest common factor of 40 and h.
5
Let a(p) = -p**2 - 3*p + 31. Let d(m) = -m**3 + 7*m + 1. Let k be d(3). Let l be a(k). Calculate the highest common divisor of l and 70.
7
Suppose 550 = 5*u + 1060*p - 1064*p, 5*p - 253 = -2*u. Calculate the greatest common divisor of 14592 and u.
114
Suppose -1590 = 962*p - 1068*p. Let o(s) = 3*s**2 + s - 5. Let q be o(-7). Calculate the greatest common divisor of p and q.
15
Suppose 1042*o = 1039*o + 384. Suppose -2*t + 3*p - 2 - 2 = 0, p = -t + 8. Calculate the greatest common divisor of o and t.
4
Suppose -14*h + 6*h = 0. Suppose h = 2*n - 8*n + 24. Suppose 44 - 20 = n*l. Calculate the highest common factor of 6 and l.
6
Suppose 7*p - 11*p + 696 = 0. Let m = p - 169. Calculate the highest common divisor of m and 220.
5
Suppose 5*f + j - 106 = 2*j, -2*j = -8. Suppose -f*u + 1566 = -19*u. Calculate the highest common divisor of 58 and u.
58
Suppose w - 3 = -2*w. Let r(z) = -30*z + 394. Suppose 158 = -7*t + 249. Let h be r(t). What is the highest common divisor of h and w?
1
Suppose 2*v = l - 1130, -15 = 4*v - 7*v. What is the greatest common divisor of l and 540?
60
Let h(y) be the second derivative of 7*y**4/6 + 25*y**3/6 + 53*y**2 + 143*y. Let k be h(-6). Calculate the highest common divisor of k and 20.
20
Let z(g) = -9*g + 277. Let i be z(-2). What is the greatest common factor of i and 3599?
59
Suppose 30*t + 30 = 35*t. Suppose -754 = -t*i - 274. What is the greatest common divisor of 5 and i?
5
Suppose g + 3*g - 556 = -5*o, 0 = 3*o + 12. Let w = -46 + g. Suppose -t + 10 = -4. What is the greatest common factor of w and t?
14
Let s = -843 - -864. Suppose s*o - 137 = 829. What is the greatest common divisor of 299 and o?
23
Let x(w) = 36*w + 152. Let d be x(-4). Let z = -25 + -38. Let b be 1/(-5) - z/15. What is the greatest common factor of d and b?
4
Let y(n) = n + 26. Let a be y(-26). Suppose a = -4*z - j + 35, 46 = 19*z - 14*z - j. What is the greatest common divisor of 477 and z?
9
Let y be (-23)/(483/6) - (-284)/14. Calculate the highest common factor of 35 and y.
5
Suppose n - 3*n = g - 20, 0 = -3*n - 4*g + 40. Suppose -4*u - 124 - n = 0. Let d = -28 - u. Calculate the greatest common factor of d and 35.
5
Let c be (-350)/(-7) + (1/(-3) - (-48)/9). What is the greatest common divisor of c and 4?
1
Suppose 0 = 5*f - 111 - 294. Let w = -226 - -430. Suppose 4*i + r + 3*r - w = 0, 0 = 2*r + 6. Calculate the highest common divisor of i and f.
27
Suppose -226*j + 11 = i - 222*j, -3*i - j = -44. Let v be (95/(-10))/((-4)/40). Calculate the greatest common factor of v and i.
5
Let x(j) = 5*j**2 + 17*j + 13. Let m be x(15). Let r be (-3)/4 - m/(-28). Let o be (28/(-6))/(2/(-6)). What is the greatest common factor of o and r?
7
Let a(i) = 19*i**2 + 317*i - 36. Let r be a(-17). Calculate the greatest common divisor of 528 and r.
66
Let x(s) = -s**3 - s**2 + 4*s + 225. Suppose 3*t - 5 - 10 = p, -4*p + 15 = 3*t. Let l be x(p). Calculate the highest common factor of 25 and l.
25
Let a(d) = -d**2 + 21*d - 43. Let r be a(7). Let o = 63 - r. Calculate the highest common divisor of 8 and o.
8
Let m = 23 - 18. Let k be (-15)/m - 1*-14. Suppose -k*j = -10*j - 13. What is the greatest common divisor of 65 and j?
13
Let p(f) be the third derivative of f**4/4 + 5*f**3/2 + 3*f**2 + 4. Let b be p(1). Calculate the highest common divisor of 84 and b.
21
Suppose 0 = -31*b + b - 8933 + 98123. Calculate the greatest common factor of 3 and b.
3
Let t(w) = 7*w**3 - w**2 + 5*w + 94. Let i be t(8). Calculate the greatest common factor of 72 and i.
18
Let j be (8/6)/(2/6). Let q be ((-15)/j)/(3/(-8)). Suppose 41 + 65 = 53*w. What is the highest common divisor of q and w?
2
Suppose -408*z + 2964 = -351*z. Calculate the highest common divisor of z and 143.
13
Suppose -287*l = 41*l - 114800. Calculate the greatest common factor of l and 540.
10
Let b be (-2)/(-2) + -3 + 674. Suppose 120 = 2*w + 4*h, -22 = -3*w - 2*h + 122. What is the highest common divisor of w and b?
42
Let b = 38679 + -38208. Calculate the greatest common divisor of b and 10519.
157
Let i(h) = h**2 - 120*h + 805. Let y be i(7). What is the highest common factor of y and 22?
2
Let r(q) = 3*q + 3. Let t be r(-1). Suppose -j + 34 = -0*j - 4*k, -3*j + 5*k + 95 = t. What is the greatest common divisor of j and 6?
6
Suppose 4*v - 60 = 2*v. Suppose 19*w + 192 = 51*w. Suppose 8610 = 35*a + w*a. Calculate the greatest common factor of v and a.
30
Let o be (-2)/(-4)*(76 - (4 + 0)). Let p = 18 + 28. Let b = 54 - p. Calculate the highest common factor of b and o.
4
Let i(b) be the first derivative of -5*b**2/2 - 8*b - 2. Let v be i(-2). Suppose -4*h = v*h - 900. What is the greatest common divisor of h and 60?
30
Suppose 40*t + 53*t = 3*t + 9720. Calculate the highest common divisor of 270 and t.
54
Suppose -8*w - 115 = -483. Suppose 108 = 11*s - w. Let r be s/49 + (-103)/(-7). What is the greatest common factor of 105 and r?
15
Let m(i) = 4*i + 18. Let f be m(9). Let u = 778 + -508. Suppose 4*d - 5*d + u = 0. What is the greatest common factor of d and f?
54
Let z = 15328 - 10084. Calculate the highest common divisor of 1824 and z.
228
Suppose 0 = 4*b - 5*m - 2966 + 447, 6*b = 5*m + 3761. Let l = -35 + 89. Calculate the highest common divisor of b and l.
27
Let n = 901 - 628. Let i = n + -257. Calculate the greatest common divisor of 12 and i.
4
Let d be ((-2)/4 - -2)*2. Suppose -10 = -d*t + 2. Let f be (14 - 8)*4/1. What is the greatest common factor of t and f?
4
Let g = -18 + 20. Let o(f) = -2*f + 196. Let n be o(15). Calculate the highest common factor of g and n.
2
Let p be (-55)/11 - -1822 - 5. Calculate the highest common divisor of p and 48.
12
Let p be ((-4)/6)/((-112)/336). Let h = 23 + 63. What is the greatest common factor of h and p?
2
Let z(f) = -341*f - 2559. Let x be z(-8). What is the greatest common divisor of x and 8619?
169
Let z = -6 + 10. Suppose -z*w + 158 + 102 = 0. Let h = 4555 + -4542. Calculate the greatest common factor of h and w.
13
Let t = -52 - -45. Let u(z) = z**2 + 7*z + 2. Let v be u(t). Let g be 12 + v/(-7) + 4/14. Calculate the greatest common factor of g and 132.
12
Let z(s) be the first derivative of -s**2/2 + 13*s + 49. Let x be z(15). Let y be (33/(-3) + x)*-1. Calculate the greatest common factor of 26 and y.
13
Let s be 4/5 + 758052/110 + 148/(-814). What is the greatest common divisor of 4 and s?
4
Let r(c) = 23*c**3 + 2*c**2 - 4*c - 8. Let p(f) = -2*f**3 + 1. Let j(w) = -4*p(w) - r(w). Let s be j(-2). Calculate the highest common divisor of s and 72.
36
Let f be -2*(9 + -305*6/12). What is the greatest common divisor of 63 and f?
7
Let k be 0/(-8)*(2/(-4) - 0). Suppose -3*r - 9 + 9 = k. Suppose -58 = -2*v + 4*l, -2*v + r*l + 73 = l. What is the greatest common divisor of v and 14?
7
Suppose -5*i + 100 = -5*u, -2*i - u + 94 - 54 = 0. Calculate the greatest common factor of i and 2260.
20
Let o(s) = -3*s**2 + 9*s + 5. Let k be o(-3). Let h = -39 - k. Suppose 0 = -h*b + 243 + 207. Calculate the highest common divisor of 9 and b.
9
Suppose 0 = 5*k - 5, 2*b - 5*k + 15 = 134. Let o = b - 50. Let s be ((-3)/12)/(2/o)*-4. Calculate the highest common divisor of 42 and s.
6
Let l be (897 - -13)*((-9)/(-15) + 2/10). Calculate the highest common divisor of 1352 and l.
104
Let f be 2 + 1/(-1) - (-1084 - -60). What is the greate